{"id":133,"date":"2022-06-29T05:19:26","date_gmt":"2022-06-29T05:19:26","guid":{"rendered":"https:\/\/messzehangzo.hu\/new\/?page_id=133"},"modified":"2022-07-14T17:28:34","modified_gmt":"2022-07-14T17:28:34","slug":"tehetseg-tamogatasi-rendszer","status":"publish","type":"page","link":"https:\/\/messzehangzo.hu\/new\/index.php\/tehetseg-tamogatasi-rendszer\/","title":{"rendered":"Tehets\u00e9g-t\u00e1mogat\u00e1si rendszer"},"content":{"rendered":"<p><strong>Az A tehets\u00e9g-t\u00e1mogat\u00e1si rendszer c\u00e9lja, hogy hozz\u00e1j\u00e1ruljon a tudom\u00e1nyos \u00e9s m\u0171v\u00e9szeti tev\u00e9kenys\u00e9get folytat\u00f3 12-18 \u00e9ves kor\u00fa fiatalok tehets\u00e9g\u00e9nek kibontakoztat\u00e1s\u00e1hoz, seg\u00edtse \u00e9s \u00f6szt\u00f6n\u00f6zze \u0151ket tov\u00e1bbi eredm\u00e9nyek el\u00e9r\u00e9s\u00e9ben.<\/strong>\u00a0Az Alap\u00edtv\u00e1ny a d\u00edjazott gyermek r\u00e9sz\u00e9re\u00a0<strong>c\u00e9lzottan ny\u00fajt t\u00e1mogat\u00e1st<\/strong>. A 2008-ban l\u00e9trehozott tehets\u00e9g-t\u00e1mogat\u00e1si rendszerben eddig\u00a0<strong>t\u00f6bb, mint 100, zenei, k\u00e9pz\u0151m\u0171v\u00e9szeti \u00e9s term\u00e9szettudom\u00e1nyos<\/strong>\u00a0ter\u00fcleten tehets\u00e9ges, h\u00e1tr\u00e1nyos helyzet\u0171 fiatalt t\u00e1mogattunk t\u00e1bori, szakk\u00f6ri, egy\u00e9b m\u0171v\u00e9szeti\/tudom\u00e1nyos k\u00f6r havi r\u00e9szv\u00e9teli d\u00edja, mentor\/fejleszt\u0151 alkalmaz\u00e1sa, versenyre\/fell\u00e9p\u00e9sre val\u00f3 utaz\u00e1s k\u00f6lts\u00e9g\u00e9nek fedez\u00e9se form\u00e1j\u00e1ban. A p\u00e1ly\u00e1zatokat az\u00a0<strong>Alap\u00edtv\u00e1ny Tehets\u00e9g-t\u00e1mogat\u00e1si Bizotts\u00e1ga<\/strong>\u00a0b\u00edr\u00e1lja el, a\u00a0<strong>szoci\u00e1lis helyzet \u00e9s a tehets\u00e9gter\u00fcleten eddig el\u00e9rt<\/strong>\u00a0eredm\u00e9nyek alapj\u00e1n.\u00a0<strong>A t\u00e1mogat\u00e1s egy tan\u00e9vre sz\u00f3l,<\/strong>\u00a0a p\u00e1ly\u00e1zat meghirdet\u00e9s\u00e9re minden \u00e9v m\u00e1jus-j\u00fanius h\u00f3napj\u00e1ban ker\u00fcl sor.<\/p>\n<blockquote><p><em>Sz\u00f6gi Klaudia vagyok, a szabadkai Kosztol\u00e1nyi Dezs\u0151 Tehets\u00e9ggondoz\u00f3 Gimn\u00e1zium els\u0151 oszt\u00e1lyos tanul\u00f3ja. Az\u00e9rt \u00edrom ezt a levelet, mert szeretn\u00e9m megkapni a Messzehangz\u00f3 Tehets\u00e9gek \u00f6szt\u00f6nd\u00edjat. You say money isn\u2019t everything, but I\u2019d like to see you live without it (Azt mondod, a p\u00e9nz nem minden, de szeretn\u00e9m l\u00e1tni, ahogy an\u00e9lk\u00fcl \u00e9lsz) \u2013 \u00e9nekli a Silverchair. Nagy igazs\u00e1g, hogy a p\u00e9nz nem minden, de az el\u0151rejut\u00e1shoz sz\u00fcks\u00e9g van r\u00e1.<\/em><\/p>\n<p><em>Engem g\u00e1tol a p\u00e9nztelens\u00e9g. \u00cdrok, de a sz\u00e1m\u00edt\u00f3g\u00e9pemen valami baj van a Microsoft Worddel \u00e9s nincs p\u00e9nzem arra, hogy megcsin\u00e1ltassam. S b\u00e1r nagyon meghitt k\u00e9zzel \u00edrni egy vastag f\u00fczetbe, hossz\u00fa t\u00e1von el\u00e9g f\u00e1raszt\u00f3 is. Festek, de a fest\u00e9kem m\u00e9g azel\u0151tt elfogy, hogy befejezn\u00e9m a k\u00e9pet. Ahogy s\u00e9t\u00e1lok a v\u00e1rosban, megihlet a sok r\u00e9gi \u00e9p\u00fclet, arra gondolok, hogy milyen j\u00f3 k\u00e9peket lehetne itt k\u00e9sz\u00edteni. De nincs f\u00e9nyk\u00e9pez\u0151g\u00e9pem.<\/em><\/p>\n<p><em>Anyuk\u00e1m azt mondja, v\u00e1rjak. Majd lesz minden. De a sz\u00fcleimnek \u00e9ppen el\u00e9g azon gondolkodni, hogy a t\u00e9l k\u00f6zep\u00e9n elfogyott a fa, mit tegy\u00fcnk most, vagy hogy honnan szerezzenek p\u00e9nzt a buszjegyemre\u2026<\/em><\/p><\/blockquote>\n<hr \/>\n<p><a href=\"https:\/\/drive.google.com\/file\/d\/1ZIBcUKwvQbx2WUw-LqWSY4JYE9Bf0diX\/view\" target=\"_blank\" rel=\"noopener\"><img loading=\"lazy\" decoding=\"async\" class=\"alignnone wp-image-334 size-medium\" src=\"https:\/\/messzehangzo.hu\/new\/wp-content\/uploads\/2022\/07\/teh_tam_gombok_01-300x100.png\" alt=\"\" width=\"300\" height=\"100\" srcset=\"https:\/\/messzehangzo.hu\/new\/wp-content\/uploads\/2022\/07\/teh_tam_gombok_01-300x100.png 300w, https:\/\/messzehangzo.hu\/new\/wp-content\/uploads\/2022\/07\/teh_tam_gombok_01.png 400w\" sizes=\"auto, (max-width: 300px) 100vw, 300px\" \/><\/a><\/p>\n<p><img loading=\"lazy\" decoding=\"async\" class=\"alignnone size-medium wp-image-335\" src=\"https:\/\/messzehangzo.hu\/new\/wp-content\/uploads\/2022\/07\/teh_tam_gombok_02-300x100.png\" alt=\"\" width=\"300\" height=\"100\" srcset=\"https:\/\/messzehangzo.hu\/new\/wp-content\/uploads\/2022\/07\/teh_tam_gombok_02-300x100.png 300w, https:\/\/messzehangzo.hu\/new\/wp-content\/uploads\/2022\/07\/teh_tam_gombok_02.png 400w\" sizes=\"auto, (max-width: 300px) 100vw, 300px\" \/><\/p>\n<p><a href=\"https:\/\/drive.google.com\/file\/d\/1UnBJh0s5M6VxkhS0MtcEI-6S6zW9Gyb5\/view\" target=\"_blank\" rel=\"noopener\"><img loading=\"lazy\" decoding=\"async\" class=\"alignnone wp-image-336 size-medium\" src=\"https:\/\/messzehangzo.hu\/new\/wp-content\/uploads\/2022\/07\/teh_tam_gombok_03-300x100.png\" alt=\"\" width=\"300\" height=\"100\" srcset=\"https:\/\/messzehangzo.hu\/new\/wp-content\/uploads\/2022\/07\/teh_tam_gombok_03-300x100.png 300w, https:\/\/messzehangzo.hu\/new\/wp-content\/uploads\/2022\/07\/teh_tam_gombok_03.png 400w\" sizes=\"auto, (max-width: 300px) 100vw, 300px\" \/><\/a><\/p>\n","protected":false},"excerpt":{"rendered":"<p>Az A tehets\u00e9g-t\u00e1mogat\u00e1si rendszer c\u00e9lja, hogy hozz\u00e1j\u00e1ruljon a tudom\u00e1nyos \u00e9s m\u0171v\u00e9szeti tev\u00e9kenys\u00e9get folytat\u00f3 12-18 \u00e9ves kor\u00fa fiatalok tehets\u00e9g\u00e9nek kibontakoztat\u00e1s\u00e1hoz, seg\u00edtse \u00e9s \u00f6szt\u00f6n\u00f6zze \u0151ket tov\u00e1bbi eredm\u00e9nyek el\u00e9r\u00e9s\u00e9ben.\u00a0Az Alap\u00edtv\u00e1ny a d\u00edjazott gyermek&hellip;<\/p>\n","protected":false},"author":1,"featured_media":141,"parent":0,"menu_order":0,"comment_status":"closed","ping_status":"closed","template":"","meta":{"footnotes":""},"categories":[],"tags":[],"class_list":["post-133","page","type-page","status-publish","has-post-thumbnail","hentry"],"_links":{"self":[{"href":"https:\/\/messzehangzo.hu\/new\/index.php\/wp-json\/wp\/v2\/pages\/133","targetHints":{"allow":["GET"]}}],"collection":[{"href":"https:\/\/messzehangzo.hu\/new\/index.php\/wp-json\/wp\/v2\/pages"}],"about":[{"href":"https:\/\/messzehangzo.hu\/new\/index.php\/wp-json\/wp\/v2\/types\/page"}],"author":[{"embeddable":true,"href":"https:\/\/messzehangzo.hu\/new\/index.php\/wp-json\/wp\/v2\/users\/1"}],"replies":[{"embeddable":true,"href":"https:\/\/messzehangzo.hu\/new\/index.php\/wp-json\/wp\/v2\/comments?post=133"}],"version-history":[{"count":6,"href":"https:\/\/messzehangzo.hu\/new\/index.php\/wp-json\/wp\/v2\/pages\/133\/revisions"}],"predecessor-version":[{"id":484,"href":"https:\/\/messzehangzo.hu\/new\/index.php\/wp-json\/wp\/v2\/pages\/133\/revisions\/484"}],"wp:featuredmedia":[{"embeddable":true,"href":"https:\/\/messzehangzo.hu\/new\/index.php\/wp-json\/wp\/v2\/media\/141"}],"wp:attachment":[{"href":"https:\/\/messzehangzo.hu\/new\/index.php\/wp-json\/wp\/v2\/media?parent=133"}],"wp:term":[{"taxonomy":"category","embeddable":true,"href":"https:\/\/messzehangzo.hu\/new\/index.php\/wp-json\/wp\/v2\/categories?post=133"},{"taxonomy":"post_tag","embeddable":true,"href":"https:\/\/messzehangzo.hu\/new\/index.php\/wp-json\/wp\/v2\/tags?post=133"}],"curies":[{"name":"wp","href":"https:\/\/api.w.org\/{rel}","templated":true}]}}